3, -3*p + 5*w - 27 = 0. Let v(a) = -10*a + 5. What is the units digit of v(p)?
5
Suppose 0 = -t + 4*a + 337, 3*t - 4*a = t + 662. What is the tens digit of t?
2
Let i(j) = 4*j + 3. What is the units digit of i(4)?
9
Let t be (-6)/(-4)*(-3 + 1). Let f be (1/t)/((-2)/(-6)). Let o = f - -5. What is the units digit of o?
4
What is the tens digit of -238*(-1)/4*2?
1
Let s(c) = c**2 + 7*c - 8. Let g be s(-7). Suppose m + 44 = -4*p - 15, -m + 53 = -4*p. What is the units digit of (-102)/p + g/28?
7
Suppose -2*d + d + 5 = 0. Suppose u + 21 = 2*u - 5*w, d*u + 2*w - 51 = 0. What is the tens digit of u?
1
Suppose -22 = -2*a + 4*j, -5*a + 0*j = 3*j - 3. Suppose 0 = 5*q - a*q - 8. Let u(c) = -c**3 + 4*c**2 + 2*c - 1. What is the units digit of u(q)?
7
Let q be 1 + (-1)/(1/(-2)). Let b be (-3)/(-9)*4*q. What is the units digit of (b/12)/((-2)/(-6))?
1
Let v(k) = -k**3 + 5*k**2 + 7*k - 4. Let j be (-1)/(2*2/(-24)). What is the units digit of v(j)?
2
Suppose -u = -f - 9, 4*u - 2*f + 3*f = 11. Suppose -4*n = -u*r + 60, -r - r = n - 18. What is the tens digit of r?
1
Suppose -4*j = 4*o - 20, -2*j + 5*j + 5*o - 25 = 0. Suppose j*c = -4*c - 120. What is the tens digit of (-318)/c - 4/(-10)?
1
Let o = -82 + 57. What is the units digit of -1*(3 + -4 + o)?
6
Suppose -25 = 5*b, b - 59 = -2*i + 6. What is the tens digit of i?
3
Suppose -6*p = y - p, 5*p - 30 = 5*y. Let a(l) = -l**3 - 6*l**2 - 8*l - 7. What is the units digit of a(y)?
8
Let y(o) = -3*o**3 - 4*o**2 - 2*o - 1. Let h be y(-3). Suppose -h - 31 = -3*u. What is the units digit of u?
7
Let k be (-517)/(-33) + 4/(-6). Suppose 3*a - 3*h - 36 = -3, 0 = a - 2*h - k. What is the units digit of a?
7
Suppose 0 = 5*h + c + 25, 3*h + 2*c + 28 = 4*c. What is the units digit of (-178)/h - (-3)/9?
0
Let p = 7 - 5. Let c(d) = 2*d - 6. Let g(h) = 1. Let x(n) = c(n) + 6*g(n). What is the units digit of x(p)?
4
Suppose 0*g + 104 = 3*g + 5*r, 0 = g - 2*r - 53. What is the units digit of g?
3
Let o(z) = -2*z + 2. Let d be o(-2). Let l = 9 - d. Suppose u + j - l = 0, -j + 9 = 4*u + 3. What is the units digit of u?
1
Let o be (-2 - -73) + -2 - -2. Suppose c + c - 41 = -3*d, -5*d - 4*c + o = 0. What is the tens digit of d?
1
Let x = 38 + 96. What is the tens digit of x?
3
Suppose -627 = -4*d + 205. What is the tens digit of d?
0
Suppose 5*z = 22 + 163. What is the tens digit of z?
3
Let a(k) = 2*k**2 - k. Let p = 7 + -2. Suppose 0 = -p*q + 10. What is the units digit of a(q)?
6
Let p(z) = -z**3 - 4*z**2 + 3*z - 6. What is the units digit of p(-5)?
4
Suppose 4*r - 2*b - 22 = 4, -6 = 2*b. What is the tens digit of (r - 1) + -4 - -23?
2
Suppose 0 = -11*x + 8*x + 306. Let k = x + -61. What is the tens digit of k?
4
Let s(t) = t - 3. Let n(k) = -k**3 - 5*k**2 - k. Let u be n(-5). Let p be s(u). Suppose w = 0, -p*c = -c - w - 10. What is the units digit of c?
0
Suppose -2*u + 4*u = 102. What is the units digit of u?
1
Suppose 4*t - t - 54 = 0. What is the units digit of t?
8
Suppose 3000 = -4*f + 14*f. What is the hundreds digit of f?
3
Let v = -8 + 16. What is the units digit of (-18)/v*2*-4?
8
Let g(m) = -m**3 - 6*m**2 + 2*m + 5. Let q = 11 - 18. What is the tens digit of g(q)?
4
Let k(w) = -w**3 + 5*w**2 + w - 2. Let j = 9 - 4. What is the units digit of k(j)?
3
Suppose -27*s + 30*s - 342 = 0. What is the hundreds digit of s?
1
Suppose 6*l - 2*l - 36 = 0. What is the units digit of (-14)/(-3)*l/6?
7
Let x(v) = v - 4. Let o be x(8). Let p be 40/(-6)*18/o. What is the tens digit of (p/4)/((-9)/12)?
1
Let r be (-1 + -3)*3/6. What is the units digit of (-1 + (0 - r))/1?
1
Let b be 13/78 - 13/6. What is the units digit of ((-6)/5)/(b/5)?
3
Suppose 2*w = 4*d - 91 + 33, 0 = 5*d - 5*w - 75. Suppose 0 = 3*x - d - 7. Let y = x - 1. What is the units digit of y?
6
Suppose -1 = -3*x + 2. What is the units digit of (2/(-3))/(x/(-12))?
8
Let a(o) = -14*o + 7. What is the tens digit of a(-3)?
4
Suppose 2*y + 26 = 4*z, -2*z = -y - 3*y - 22. Suppose 5*x = z*t + 5, -2*t + 3 = 1. What is the units digit of x?
2
Suppose 2*j + 4 = -4*w, 0 = w + w + 6. Suppose -v = -0*v + 3. What is the units digit of 0 + 0 + j + v?
1
Let j(k) be the third derivative of -k**5/60 + 5*k**4/24 + k**3 + k**2. Let i be j(6). Suppose 5*o + i*o - 25 = 0. What is the units digit of o?
5
Suppose -4 = -p + 2*u + 41, 5*p + u - 269 = 0. What is the units digit of p?
3
Suppose 45*c - 1060 = 40*c. What is the tens digit of c?
1
Let i(h) = h**2 + 4*h + 4. Let k be ((-8)/(-12))/((-2)/15). What is the units digit of i(k)?
9
What is the tens digit of (65/15 + 1)*3?
1
What is the units digit of (-1452)/(-30) - 6/15?
8
Suppose -2*i = 10 - 4. What is the units digit of ((-24)/18)/(i/9)?
4
Let f be 40/(-28)*-7*1. What is the units digit of 64/f + 4/(-10)?
6
Let k(l) = l**2 + 11*l + 14. Let i be k(-10). Suppose p = -p + i. What is the units digit of p?
2
Let r(z) = 5*z**2 - 8*z - 13*z**2 - z**3 + 10 - 3. Let a be r(-7). Let v = a + -9. What is the units digit of v?
5
Suppose 4*k - 62 = 2*k. What is the tens digit of k?
3
Suppose -3*l + 2*l = 2*r - 6, -8 = 4*l. Suppose 5*w - 10 = -5*d, -w - r*d + 2 - 3 = 0. Suppose 0 = -6*p + w*p + 24. What is the units digit of p?
8
Let h = 25 - 18. Let z(b) = b**3 - 8*b**2 + 9*b - 6. What is the units digit of z(h)?
8
Let u = 8 - 5. What is the tens digit of (u*1)/(27/180)?
2
Suppose 0 = u - 4*m - 22 - 18, 2 = m. What is the tens digit of u?
4
Let l = 7 + -4. What is the units digit of l?
3
Let v = -5 + 4. What is the tens digit of ((-6)/3)/(v/9)?
1
Let d = -260 - -374. What is the hundreds digit of d?
1
Let x = -11 - -11. Let s(c) = c + 3. What is the units digit of s(x)?
3
Suppose 3*j = -3*q + 60, -2*j - q + 33 + 8 = 0. What is the units digit of j?
1
Let f(t) = -3*t. Let u be f(-1). Suppose u*h = 124 + 59. What is the tens digit of h?
6
Let r be (-22)/18 + 8/36. Let w(n) = 4*n**2 + 1. Let h be w(r). Let g = 2 + h. What is the units digit of g?
7
Let m = 7 + -9. Let c = m + 15. What is the units digit of c?
3
Let g = -9 - -15. Let s = 6 - 7. Let y = g + s. What is the units digit of y?
5
Let o(h) = 5*h**3 - h**2 - 6*h - 4. Let j be (2 - 1 - 2) + 0. Let t(l) = l**3 - l**2 - l. Let z(q) = j*o(q) + 6*t(q). What is the units digit of z(5)?
4
Let d(p) = -5*p**2 - 3 - p - p**3 + 1 + 0. Suppose -6*h - 25 = -h. What is the units digit of d(h)?
3
Let d = -31 + 31. Let q = 1 + 1. Suppose -r - q*r + 9 = d. What is the units digit of r?
3
Let v = -20 - -196. What is the units digit of v?
6
Suppose 572 = 6*q - 172. What is the hundreds digit of q?
1
Suppose 0 = 3*k + k + 140. What is the units digit of (-2)/(-7) + (-235)/k?
7
Suppose -q - 20 = -2*m, 68 = 5*m - 2*q + 4*q. Suppose 0 = 4*r - 0 - m. Let j(f) = -f**3 + 4*f**2 - 2*f - 2. What is the units digit of j(r)?
1
Suppose -2*m = -2*f, f - 4*m = -f. Suppose -2*w - 5*v = 20, f*w - 4*w - 16 = 4*v. What is the units digit of 4 - (1 - (0 + w))?
3
Let h(s) = s**2 - 3*s + 3. Let m = -7 + 11. What is the units digit of h(m)?
7
Let q = 60 + 7. What is the tens digit of q?
6
Let d = -9 + 12. What is the units digit of d?
3
Let n(j) = -j - 2. Let y be n(-1). Let f = y - -1. Suppose f*d = d - 9. What is the units digit of d?
9
Suppose -1 - 1 = -r. Suppose -2*m - 50 = r*d + 3*d, -5*m = 0. Let f(h) = -h - 1. What is the units digit of f(d)?
9
Suppose -5*n + 51 = -69. What is the units digit of n?
4
Suppose -2*g + 5*b + 12 = -3*g, -5*g + b = -18. What is the tens digit of ((-3)/(-2))/(g/56)?
2
What is the tens digit of 163*(-6 + 5 - -3)?
2
Let l = 250 - 144. What is the units digit of l?
6
Let b = 5 - -62. What is the tens digit of b?
6
Let t = 4 - 3. Suppose 16 = 3*q + t. Suppose q*g - 3*r - 20 = 0, -g + 2*r + 4 = -r. What is the units digit of g?
4
Let z(y) = y**2 - 2*y - 5. Suppose 8 = 2*n + 4*j, -2*j = -n - 7*j + 4. What is the units digit of z(n)?
3
What is the units digit of (-3 + 1 + 0)*-14?
8
Suppose s - 9 = 5*i, -2*s + 2*i + 18 = -i. What is the units digit of s?
9
What is the tens digit of (-11 + 47)*2/3?
2
Let r = 10 - 8. Suppose -r*v + 15 = -9. What is the units digit of v?
2
Let a = 13 + -8. Suppose -2*i - 4*v = i - 44, a = v. What is the units digit of i?
8
Let i be (-21)/(27/6 + -3). What is the tens digit of (-6)/(-21) - 248/i?
1
Let p be -6 - (-5 - (-2)/1). What is the units digit of (-2)/p + 188/6?
2
Let h = -